w?
1
Let t(o) = 2*o - 5. Let d be t(5). Let y be 132 - (13 + 2)/d. Suppose 0 = -2*v - 4*k + 3*k + y, -2*v = 5*k - 141. What is the tens digit of v?
6
Let g = -12470 + 12505. What is the units digit of g?
5
Suppose -887144 = -152*q + 3423424. What is the hundreds digit of q?
3
What is the hundreds digit of (-98598)/(-2) + 374 + -397?
2
Let q = -140 + 1932. Suppose 3*j - 4*n - 1774 = 0, 2*j - q = -j - 5*n. What is the hundreds digit of j?
5
Let b(c) = c**3 + 30*c**2 + 57*c + 38. Suppose v - 111 = 4*k, 69 = k - 4*k - 4*v. What is the units digit of b(k)?
6
Suppose 5*c = 2*a + a - 5, -3*c - 4*a + 26 = 0. Suppose 5*w = -l - 4756, -3*w - 2*w = -c*l + 4768. What is the units digit of (1 + 4 + 1)*w/(-42)?
6
Let l(a) = 22*a**2 - 3*a - 1. Let c be l(3). Suppose 4270*o + 757 = 4336*o + 3001. Let n = c - o. What is the units digit of n?
2
Suppose l - 18 = -l + 2*s, 8 = -3*l - 4*s. Let f(w) = 70*w + 10. What is the units digit of f(l)?
0
Let s be (-22 - 3*1/(-1))*1. Let g = -15 - s. What is the tens digit of g + (-10)/2 + 4 + 50?
5
Let n(h) = -h**3 + 9*h**2 + 12*h - 16. Let p be n(10). Suppose 0 = u - p*d - 988, 3*d = -u - d + 996. Suppose u = -0*m + 8*m. What is the units digit of m?
4
Let n = 14 - -181. Let g = n - 189. What is the units digit of g?
6
Let k be (-14)/(336/(-18))*(-4)/(-1). Suppose -5*n + k*v + 2*v = -5145, 3*v = 2*n - 2058. What is the thousands digit of n?
1
Let b = 49 + -118. Let c be (0 + 0 + 2)*(b - -109). Let u = 185 - c. What is the tens digit of u?
0
Let a be 4 + -2088 + 12/(-3). Let u = a - -3135. What is the hundreds digit of u?
0
Let p be 3455/15*6/((-8)/(-4)). Let c = p - 29. What is the hundreds digit of c?
6
Let z = -957 + 1590. What is the hundreds digit of z?
6
Suppose 71*m = 70*m. Let j be (-1 - m)/((-5)/330*3). Suppose -2*c = -w + c + j, 0 = 5*w - 3*c - 74. What is the tens digit of w?
1
Let u = 1477 - -2204. What is the thousands digit of u?
3
Let l = 44 - 40. Suppose 972 = 4*q - l*a, 6 = 6*a - 3*a. Suppose 5*s = k + 1466 - 305, -3*k + q = s. What is the tens digit of s?
3
Let g = 19124 + -9042. What is the units digit of g?
2
Let j = -47 + 26. Let i be (69/(-21) - 3) + (-6)/j. What is the tens digit of 356/10 - i/15?
3
Suppose -i - 982 = -k - 6426, -2*k + 10884 = 2*i. What is the hundreds digit of i?
4
Let s = 353 - -579. Suppose 1822 = 9*h - s. What is the units digit of h?
6
Suppose -44*u + 431 = -97. Suppose 1593 = -u*b + 14337. What is the tens digit of b?
6
Let b be 2070/(-40) + 3/4. Let x = -30 - b. Suppose -x = -m + 7. What is the tens digit of m?
2
What is the thousands digit of ((-10)/8)/(11839/31576 - (-51)/(-136))?
9
Suppose -7*r = -642 - 5434. Suppose 42*t - r = 38*t. What is the units digit of t?
7
Let t = -2081 - -3616. What is the thousands digit of t?
1
Let m be 0 - -4 - 1/(-1)*-1. Suppose 0 = -m*i - 0*w - w + 6, -i = 5*w + 12. Suppose i*z - 507 = 24. What is the tens digit of z?
7
Let f = 10 - 6. Suppose -f*m = h - 5, -5*m + 2*h = 3*h - 5. What is the tens digit of -10*(1 + -8) - m?
7
Let b(z) = -256*z + 1890. What is the tens digit of b(-17)?
4
Let m = 44033 - 18967. What is the thousands digit of m?
5
Let s(h) = -238*h**3 - 7*h**2 - 38*h - 17. What is the units digit of s(-3)?
0
Let l = 1274 + 865. Let f = -1097 + l. What is the tens digit of f?
4
Suppose 3*n + 0*n = 9, 0 = -2*p + 2*n - 10. What is the tens digit of p/(-3) + 66336/72?
2
Let u be 6 + (-6 + 5)*-6. Suppose -1288 = -u*y + 8*y. What is the tens digit of y?
2
Let k be 2/(-4)*(-8)/(-1). Let z = 4 + k. What is the tens digit of z - 11/((-44)/280)?
7
Let p = -8369 - -33641. What is the units digit of p?
2
What is the hundreds digit of 1/7 + (-2677744)/(-203) + -8?
1
Suppose 6*s - 28527 = 3*s - 3*t, 0 = 2*s - 3*t - 19033. What is the tens digit of s?
1
Suppose 1627*z = 1587*z + 1409440. What is the thousands digit of z?
5
Suppose -6 = -i - 4*w, 51*i - 46*i - 15 = -5*w. Suppose -v = 5*u - 576, -v - 4*u + i*u + 588 = 0. What is the hundreds digit of v?
5
Let d be 20/12*(216/10)/6. Suppose -1713 - 2475 = -d*p. What is the tens digit of p?
9
Let w(c) = -c**2 + 19*c - 56. Let u be w(4). What is the tens digit of (-7 + u)/(2 - 1011/501)?
6
Suppose -384*r + 766*r = 342*r + 2558000. What is the units digit of r?
0
Let i(a) = -5*a + 29. Let j be i(5). Suppose -2592 = -3*d - 3*h, j*h - 5*h = 4*d - 3465. What is the hundreds digit of d?
8
What is the tens digit of (-11)/(33/22338)*25/(-75)?
8
Let k be -21 + 12 + 7 + 2. Suppose -9*a + 14*a - 1565 = k. What is the hundreds digit of a?
3
Let h(t) = 1445*t**2 + 4*t + 6. What is the thousands digit of h(3)?
3
Suppose -350 = 2*p + 5*p. Let w = 53 + p. Suppose w*s - 290 = -5*k, 4*s + 5*k = 314 + 66. What is the units digit of s?
0
Let s be (-2)/(-10) - (3 + 5828/(-10)). Let g = s - 292. What is the tens digit of g?
8
Suppose 2*h + 19 = -5*g, -4*g = 4*h - 2*h + 14. What is the tens digit of (12 + 0)*(-21)/(-18)*h?
4
Let o(b) = -b**3 - 2*b**2 + 3*b + 33. Let f be o(0). Let d = f + 149. What is the tens digit of d?
8
Suppose -q + 5*f + 993 + 5807 = 0, -4*f - 33937 = -5*q. What is the thousands digit of q?
6
Let h be ((-5)/(-3))/(1/(-162)). Suppose -45 = 5*a + y + 40, -y = 2*a + 37. What is the units digit of (a/5)/(12/h)?
2
Let i be (7 + -1)*(-10068)/(-72). Let u = 1340 - i. What is the tens digit of u?
0
Let k(t) = 1532*t - 9171. What is the units digit of k(33)?
5
Suppose -110*q = -72*q - 52022. What is the thousands digit of q?
1
Let u(f) = f**3 - 7*f**2 - 3*f + 5. Let o(g) = -g**3 + 7*g**2 + 3*g - 6. Let b(d) = -3*o(d) - 4*u(d). What is the units digit of b(3)?
3
Let t be (3/(-6)*10)/(-1). Suppose -t*v - 24 = -2*r, -8 = -0*r - 2*r + v. Suppose -r*j - 50 = 4*s - 246, -4*j - 125 = -3*s. What is the units digit of s?
7
Suppose -g - 2*b + 5 = -6, 2*g + 14 = 5*b. Let r be 4/(-30) - (11944/(-30) - g). Let x = r + -207. What is the tens digit of x?
9
Let y(n) be the second derivative of n**4 + 9/2*n**2 - 24*n + 0 - 2/3*n**3. What is the hundreds digit of y(3)?
1
Let w = 338 + 14501. What is the hundreds digit of w?
8
Let b(y) = 2*y**3 + 1324*y**2 - 11*y + 12 + y**3 - 1308*y**2 - 4*y**3. What is the tens digit of b(8)?
3
Let p = -101 - -15. Let c = p - -89. Suppose 0 = c*h + 254 - 752. What is the tens digit of h?
6
Let t(g) = -g**3 - 15*g**2 - g + 7. Suppose -5*d + 25 = 15. Suppose 0*c + d*c = -30. What is the units digit of t(c)?
2
Suppose -b - 887 = -7*a + 4*a, -a - 2*b + 305 = 0. Let z = -100 + a. What is the units digit of z?
7
Suppose 14*a - 8*a + 270 = 0. Let v = a + 3. What is the units digit of (-2 - 34/(-14)) + (-5400)/v?
9
Suppose -k - 2 = 4*c, -k + 5*c - 6*c = -1. Suppose -4292 = -41*o - 18*o + 1608. Suppose -2*s = h - 112, -5*s = -k*h + o + 133. What is the hundreds digit of h?
1
Suppose -2*o = -4*p - 56, -2*p = 2*o - 34 + 8. Let k be ((-132)/o)/((-2)/3). Suppose -2*x = -x - k. What is the tens digit of x?
1
Suppose 87990 - 4828 = 2*n + 5*r, n - 41566 = 5*r. What is the ten thousands digit of n?
4
Suppose -8*u + o + 7816 = -7*u, 3*u - 15*o = 23400. What is the units digit of u?
0
Let x(t) = -t**3 - 16*t**2 + 16. Let q(i) = i - 29. Let n be q(13). Let l be x(n). Suppose 0 = -3*m - m - l, -3*m - 34 = -2*r. What is the units digit of r?
1
Suppose -4*p + 0 = -60. Let d = 400 + p. What is the units digit of d?
5
What is the units digit of 180992/12 + ((-6)/(-21))/((-24)/56)?
2
Let p(t) = -2*t**3 - 9*t**2 + 18*t - 13. Let j be p(-8). What is the hundreds digit of (0 + 5)/(-5) + j?
2
Suppose -4*s = -6*s + 4. Suppose 5*w + s*t - 669 = 0, -2*w + 296 = -3*t + 17. What is the units digit of w?
5
Let y(j) = -j - 8. Let h be y(-8). Suppose h = 8*s - 8 - 8. What is the units digit of (244 + -2)*s/4?
1
Let p(g) = 90*g + 59. Let i(u) = -89*u - 62. Let a(c) = 4*i(c) + 5*p(c). What is the units digit of a(5)?
7
Let s be 14544/8 - (-2)/(-8)*4. Suppose -3*d = -5*l + 2384 + s, 4*d - 2509 = -3*l. What is the hundreds digit of l?
8
Let l(d) be the second derivative of -d**5/20 + 4*d**4/3 - 10*d**3/3 + 2*d**2 + 17*d - 3. What is the hundreds digit of l(8)?
3
Suppose -23 + 27 = -h. What is the hundreds digit of (-42)/(-14) + h + 1027?
0
What is the units digit of ((-14835)/(-2) - (-620)/(-248)) + 1?
6
What is the tens digit of -1 - (-1 - 2) - (-34210)/5?
4
Let k = 48755 + 14760. What is the hundreds digit of k?
5
Let g = 7301